hat are the prime factors of a(8)?
2, 59
Let p(w) = w**2 + w. Let o be p(-5). Suppose -5 = 3*s - o. List the prime factors of s.
5
Let a = -3 - -3. Suppose f + 8 - 50 = a. Suppose 4*u - 5*z + 1 = 56, 4*z = 3*u - f. What are the prime factors of u?
2, 5
Suppose 5*p = 175 + 385. Suppose p = 4*b - 4*r, -b - 2*r = 3*b - 100. What are the prime factors of b?
2, 13
Let w = 92 + -22. List the prime factors of w.
2, 5, 7
Let s(w) = -w**3 - 13*w**2 - w - 1. What are the prime factors of s(-13)?
2, 3
Suppose 0 = -3*f, -452 = -4*b - 9*f + 4*f. List the prime factors of b.
113
What are the prime factors of (-2 + 34/4)/((-3)/(-144))?
2, 3, 13
Suppose 3*u = 6*u - 45. Suppose -3*d = -84 - u. List the prime factors of d.
3, 11
List the prime factors of 12 + 3 + (-3 - 2).
2, 5
Suppose 4*d - 3 = 9. Suppose -5*a = -15, -3*l = -5*l - d*a + 63. What are the prime factors of l?
3
Let r be (-4 + 3)/((-2)/60). List the prime factors of 1/3 + 560/r.
19
Let q = 107 + -65. Suppose 0*k - q = 2*k. Let v = k - -30. List the prime factors of v.
3
List the prime factors of 44 + (1/1 - -3).
2, 3
Suppose -61 - 152 = -4*y + 5*l, 2*y = 5*l + 119. What are the prime factors of y?
47
What are the prime factors of (-2)/9 - (-1736)/36?
2, 3
Let r be (-2)/2*(5 + 2). Let q = r + 12. Let u = q - 2. List the prime factors of u.
3
Let k(p) = p**2 - p. Let q be k(0). Suppose -2*c + 20 = -q*c. List the prime factors of c.
2, 5
Let p = -3 + 7. List the prime factors of 20 + (-7)/((-14)/p).
2, 11
Suppose t - 4*t + 6 = 0. Suppose -t*w - 5*b + 1 = -2, 5*b = 4*w - 51. Let h(f) = f - 1. List the prime factors of h(w).
2
Let l = 25 + 0. Let q = l + -13. What are the prime factors of q?
2, 3
Suppose -2*f + 3*f - 4 = 0. Suppose 0 = -d + f + 1. Suppose 0 = 4*u - d*z - 20, -3*u + 2*z + 23 = 1. What are the prime factors of u?
2, 5
Suppose -2*o = 3*o. Let m(u) = -u**2 + u - u**3 + o*u + 8*u**2 - 3. List the prime factors of m(7).
2
Let o(h) = h - 3. Let w be o(7). Suppose -4*j - 2*n = w, 5*j - n = 3*n + 21. What are the prime factors of (2/(-3))/(j/(-21))?
2, 7
Let z = 59 - 31. What are the prime factors of z?
2, 7
Let t(r) = -r + 1. Let s be t(-1). Suppose s*u - 41 + 16 = 5*k, -u + 5*k + 20 = 0. List the prime factors of u.
5
Suppose s + 8 = 5*f, -2 - 18 = -3*s + 4*f. Suppose 0 = d + 2*d - s. List the prime factors of d.
2
Let l(w) = w + 16. Let f be l(0). What are the prime factors of f/(-3)*(1 - 4)?
2
Let h be ((-3)/(-2))/(2/(-4)). What are the prime factors of ((-4)/h)/((-1)/(-6))?
2
Suppose -3*f = 2 + 43. Let c = f - -30. List the prime factors of c.
3, 5
List the prime factors of 6/(-27) - 0 - (-2544)/27.
2, 47
Let b(q) be the first derivative of -1/2*q**2 + 4/3*q**3 + 0*q + 1 + 1/4*q**4. What are the prime factors of b(-4)?
2
Suppose -3*b + 15 = 2*b. Suppose b*d = -2*d - 20. What are the prime factors of 1*2/d*-4?
2
Let t be 1 + 0 + -4 + 5. Suppose 52 = -t*h + 4*h. What are the prime factors of h?
2, 13
Suppose 2 = 2*d - 0, 2*p = -3*d + 93. List the prime factors of p.
3, 5
Let w(c) = 10*c**2 + c - 8. What are the prime factors of w(4)?
2, 3, 13
Suppose 2*m - 3*v - 252 = 0, -m + 2*v + 124 = -0*m. List the prime factors of m.
2, 3, 11
Suppose -2*w - w - 3 = 0, 41 = -2*q - w. List the prime factors of (-15)/q*(1 + 7).
2, 3
Let t be (2 + 0 - 3)*0. Let h be 1/2*t/(-3). Suppose h = g + 4*g - 4*q - 80, -q - 41 = -3*g. What are the prime factors of g?
2, 3
Let w(t) = -9*t + 3*t + 2*t - 24. List the prime factors of w(-10).
2
Let f(q) = -q**2 + 4*q + 7. Let u be f(5). Suppose -u*b - 6 = -4*b. List the prime factors of b.
3
Suppose -4*z + 19 = t - 61, 2*z = 3*t - 198. List the prime factors of t.
2, 17
Let g(w) = -w**3 + 4*w**2 + 6*w - 3. Let s be g(5). Let b = 7 - 4. Suppose -s*p + b = -p. List the prime factors of p.
3
Suppose j = -j + 72. List the prime factors of j.
2, 3
Let j(w) = -13*w + 1. What are the prime factors of j(-1)?
2, 7
Let g(l) = l**3 - 2*l**2 - 7*l + 1. Let t be g(4). Suppose -5*r + 185 = -u, t*r = u + 3*u + 170. List the prime factors of r.
2, 19
Let q be (-2)/5 + (-4)/(-10). Let t(b) = -b + 32. What are the prime factors of t(q)?
2
Suppose -5 = -4*m + 3. Let z be 6/2 + (m - 1). Let r(j) = j**2 - 2*j - 3. List the prime factors of r(z).
5
Let j(k) = -k - 3. Let g be j(-9). Suppose 0*m + 3*m + 24 = 3*d, -3*d - 3*m + g = 0. What are the prime factors of d?
5
Let g be (3 + -7 - 2) + 1. Let c(k) be the second derivative of k**5/20 + 5*k**4/12 + 7*k**2/2 + 2*k. What are the prime factors of c(g)?
7
Let t = 521 - 323. List the prime factors of t.
2, 3, 11
Let q(r) = r**3 + 7*r**2 + 2. Let y = 1 - 8. Let u be q(y). Suppose 4*t - 11 = -3*w, 2*w + t = u*t + 11. What are the prime factors of w?
5
Suppose 4*u - 156 = -0*u. List the prime factors of u.
3, 13
Suppose -6 = j + j. Let c be (-3)/18*j*0. Suppose c = r - 3*r + 14. List the prime factors of r.
7
Let q(m) = m + 5. Let w be q(-5). Suppose w = 4*p + 1 - 21. Suppose u - 10 - 5 = -p*f, 4*f = -u + 12. List the prime factors of f.
3
Let k(i) = i**3 - 19*i**2 + 9*i - 22. What are the prime factors of k(19)?
149
Suppose 4*k - 294 = -5*j, 2*k - 79 = k - 4*j. What are the prime factors of k?
71
Let j = 202 + -51. What are the prime factors of j?
151
Let f(x) = x**2 + 2*x - 2. Let s(g) = g - 4. Let b be s(5). Suppose -7 = 2*h + b. What are the prime factors of f(h)?
2, 3
Let a(w) = -w**2 - 12*w - 12. What are the prime factors of a(-7)?
23
Let d(f) be the second derivative of -f**5/20 + f**4/2 + f**3/3 - 4*f**2 + f. Suppose -m + 9 = m - 3*t, 3*m + 4*t - 22 = 0. What are the prime factors of d(m)?
2
Suppose 20 = -3*h + 8*h. What are the prime factors of h?
2
Let y = 91 - -71. List the prime factors of y.
2, 3
Let x = 485 + -208. List the prime factors of x.
277
Let w(s) = -1. Let k(d) = 3*d - 2. Let r(f) = -k(f) + 3*w(f). Let j be r(-2). List the prime factors of j/2*6/5.
3
Let t(f) = f**3 - 11*f**2 - 7*f + 1. Let x(i) = 2*i**3 - 23*i**2 - 15*i + 3. Let u(q) = 13*t(q) - 6*x(q). List the prime factors of u(6).
5
Let g = 39 + -23. Suppose -2*a = -0*a - g. List the prime factors of a.
2
Let j(k) = -k**3 + 8*k**2 - 11*k + 7. Let y(g) = 3*g**3 - 17*g**2 + 23*g - 14. Let p(m) = 5*j(m) + 2*y(m). List the prime factors of p(-7).
3, 7
Suppose -4*g - 5*f - 7 = -10*f, 2*g + 3*f = 13. Suppose 0 = -g*a - a + 6. List the prime factors of a.
2
Let m(l) = 4*l**3 + 5*l**2 - 4*l. Let r(x) = 5*x**3 + 6*x**2 - 5*x - 1. Let g(b) = 6*m(b) - 5*r(b). List the prime factors of g(0).
5
Let n(u) = 2*u - 7. Let j be n(5). Let k(s) = 2*s**2 + 7*s + 2. Let x(q) = -3*q**2 - 13*q - 4. Let z(r) = -5*k(r) - 3*x(r). List the prime factors of z(j).
5
Suppose -5*o = -9 - 11. Suppose 4 + 16 = o*w. Suppose w + 7 = 2*v. List the prime factors of v.
2, 3
Let k = 9 - 1. Suppose -k*w + 4*w + 112 = 0. Suppose -3*b + b + w = 0. What are the prime factors of b?
2, 7
Suppose 49*f = 50*f - 302. What are the prime factors of f?
2, 151
Let q be 1/4 + 39/(-12). Let b = 28 + -9. Let l = q + b. What are the prime factors of l?
2
Let y = 25 - -30. Let n = y + -23. What are the prime factors of n?
2
List the prime factors of (-222)/(-7) - 12/(-42).
2
Let q = 113 + 130. What are the prime factors of q?
3
Let o = -8 + 9. List the prime factors of ((-18)/12)/(o/(-6)).
3
Suppose 6*r - 25 = 5*r. What are the prime factors of r?
5
Suppose -3*j - 2 = t + 1, -3 = 3*t + 3*j. Suppose t*l = l. Suppose l = -3*a + a + y + 15, 5*a - 55 = -y. List the prime factors of a.
2, 5
Suppose 0 = -x - x + 4*t + 58, x + 3*t = 14. What are the prime factors of x?
23
Let u(x) = 8*x - 14. List the prime factors of u(2).
2
Suppose -5 = 4*u - 13. Suppose 2*k = -2, 3*k + u*k + 65 = 2*p. List the prime factors of p.
2, 3, 5
Suppose -5*n + 3*c + 713 = 0, 0 = 6*n - 7*n - 5*c + 165. What are the prime factors of n?
5, 29
Suppose 3*v - 4*n = v + 404, -2*v = n - 419. List the prime factors of v.
2, 13
Let f(z) = z + 3. Let g be f(-3). List the prime factors of 22*(2 + -1 - g).
2, 11
Let z(s) be the first derivative of 5*s**4 + s**3/3 - s**2/2 + 2. What are the prime factors of z(1)?
2, 5
Suppose 0*o - 3*o + 90 = 0. List the prime factors of o.
2, 3, 5
Let l(r) = r**3 - 6*r**2 - 6*r - 11. Let a be l(8). Suppose -2*x + x - o = -30, -2*x - 5*o + a = 0. List the prime factors of x.
3
Suppose -42 = -3*z + 60. Suppose 4*h - 94 + z = 0. Le